of 16 and 34144.
16
What is the greatest common factor of 55 and 7535?
55
Calculate the greatest common divisor of 44 and 20.
4
What is the greatest common factor of 104 and 1144?
104
Calculate the highest common factor of 18259 and 57.
19
What is the highest common divisor of 1045 and 10?
5
What is the greatest common factor of 96 and 6?
6
What is the greatest common divisor of 1 and 81?
1
What is the greatest common divisor of 3024 and 210?
42
Calculate the greatest common divisor of 20 and 15.
5
What is the highest common divisor of 10622 and 94?
94
What is the highest common divisor of 1716 and 468?
156
Calculate the highest common divisor of 663 and 204.
51
Calculate the greatest common factor of 28 and 343.
7
What is the greatest common divisor of 414 and 1449?
207
What is the highest common factor of 165 and 3945?
15
What is the greatest common divisor of 14 and 287?
7
Calculate the greatest common factor of 58 and 46.
2
Calculate the highest common divisor of 3744 and 64.
32
What is the highest common divisor of 18 and 1206?
18
Calculate the highest common divisor of 8 and 16148.
4
What is the greatest common divisor of 745 and 149?
149
Calculate the greatest common factor of 18636 and 12.
12
Calculate the highest common divisor of 22 and 14.
2
What is the greatest common divisor of 60 and 45?
15
Calculate the highest common divisor of 90 and 690.
30
What is the highest common divisor of 72 and 192?
24
Calculate the highest common factor of 4727 and 319.
29
What is the greatest common factor of 75 and 5235?
15
Calculate the highest common factor of 3888 and 48.
48
What is the greatest common factor of 290 and 29290?
290
Calculate the highest common factor of 13 and 1937.
13
Calculate the greatest common factor of 2552 and 143.
11
Calculate the greatest common divisor of 351 and 13.
13
Calculate the highest common divisor of 70 and 154.
14
What is the highest common factor of 72 and 18?
18
What is the greatest common factor of 564 and 23406?
282
Calculate the greatest common divisor of 352 and 1312.
32
What is the greatest common divisor of 88218 and 348?
174
What is the greatest common factor of 70 and 380?
10
What is the greatest common divisor of 375 and 150?
75
What is the greatest common divisor of 208 and 3692?
52
Calculate the greatest common divisor of 6129 and 1135.
227
What is the greatest common divisor of 551 and 29?
29
What is the greatest common divisor of 1325 and 901?
53
What is the highest common factor of 576 and 360?
72
What is the highest common factor of 1717 and 17?
17
Calculate the highest common divisor of 46 and 46.
46
What is the greatest common factor of 47 and 2?
1
Calculate the highest common factor of 1295 and 37.
37
What is the highest common factor of 6407 and 596?
149
What is the highest common divisor of 6 and 726?
6
What is the highest common factor of 774 and 43?
43
Calculate the greatest common factor of 296 and 259.
37
What is the greatest common factor of 192 and 1176?
24
What is the highest common divisor of 17 and 425?
17
What is the greatest common factor of 3 and 51?
3
What is the highest common factor of 69630 and 422?
422
What is the greatest common divisor of 4851 and 7?
7
Calculate the highest common divisor of 81 and 18.
9
What is the highest common divisor of 282 and 987?
141
What is the greatest common divisor of 6 and 3?
3
What is the highest common divisor of 432 and 400?
16
Calculate the greatest common factor of 228 and 20.
4
What is the greatest common factor of 5 and 895?
5
What is the greatest common factor of 42 and 609?
21
Calculate the greatest common divisor of 564 and 12.
12
Calculate the highest common divisor of 14805 and 105.
105
What is the greatest common divisor of 352 and 64?
32
What is the highest common factor of 14904 and 184?
184
Calculate the highest common factor of 529 and 46.
23
Calculate the greatest common divisor of 130 and 195.
65
What is the greatest common divisor of 51 and 72?
3
Calculate the highest common divisor of 518 and 222.
74
Calculate the highest common factor of 484 and 4.
4
Calculate the highest common divisor of 6208 and 8.
8
What is the highest common factor of 48 and 64?
16
Calculate the highest common divisor of 55 and 1760.
55
Calculate the greatest common factor of 20 and 19730.
10
Calculate the greatest common divisor of 4161 and 292.
73
What is the highest common divisor of 220 and 2992?
44
Calculate the highest common factor of 20 and 170.
10
Calculate the greatest common divisor of 21 and 1743.
21
Calculate the greatest common factor of 96 and 5408.
32
What is the highest common divisor of 11824 and 16?
16
Calculate the highest common factor of 9 and 9216.
9
Calculate the greatest common divisor of 32 and 122.
2
Calculate the highest common divisor of 1534 and 52.
26
What is the greatest common factor of 172 and 4945?
43
What is the greatest common factor of 144 and 3392?
16
Calculate the greatest common divisor of 216 and 92.
4
What is the greatest common divisor of 375 and 120?
15
Calculate the greatest common factor of 472 and 3186.
118
Calculate the greatest common factor of 4176 and 6.
6
Calculate the greatest common divisor of 3 and 1005.
3
What is the highest common divisor of 21 and 357?
21
What is the greatest common divisor of 12 and 24558?
6
Calculate the highest common factor of 387 and 225.
9
What is the greatest common factor of 1647 and 1?
1
What is the highest common factor of 6 and 498?
6
Calculate the highest common divisor of 13270 and 20.
10
Calculate the greatest common factor of 39 and 2496.
39
What is the greatest common factor of 629 and 37?
37
Calculate the highest common divisor of 300 and 24.
12
What is the highest common factor of 60 and 8565?
15
Calculate the highest common factor of 2552 and 11.
11
Calculate the highest common factor of 126 and 486.
18
What is the greatest common factor of 100 and 40?
20
What is the highest common factor of 142 and 497?
71
What is the greatest common divisor of 3008 and 136?
8
Calculate the greatest common factor of 272 and 32.
16
Calculate the highest common divisor of 2650 and 250.
50
What is the greatest common divisor of 21 and 91?
7
What is the greatest common factor of 6 and 446?
2
Calculate the highest common divisor of 120 and 840.
120
Calculate the highest common factor of 9019 and 3421.
311
What is the highest common factor of 221 and 143?
13
What is the greatest common factor of 255 and 45?
15
What is the highest common factor of 150 and 3075?
75
Calculate the highest common factor of 2781 and 27.
27
What is the greatest common factor of 11500 and 60?
20
What is the highest common factor of 25 and 95?
5
What is the greatest common factor of 123 and 410?
41
What is the greatest common divisor of 380 and 228?
76
What is the highest common factor of 540 and 1860?
60
What is the highest common divisor of 252 and 396?
36
What is the highest common divisor of 9820 and 60?
20
What is the greatest common factor of 9 and 513?
9
What is the greatest common factor of 351 and 1287?
117
What is the greatest common factor of 34 and 1139?
17
What is the greatest common factor of 6 and 39?
3
What is the greatest common divisor of 42 and 309?
3
What is the highest common factor of 38 and 1026?
38
What is the highest common divisor of 513 and 27?
27
Calculate the greatest common factor of 9 and 423.
9
Calculate the greatest common factor of 300 and 12.
12
What is the greatest common divisor of 44 and 1364?
44
What is the highest common divisor of 3576 and 24?
24
What is the highest common factor of 574 and 28?
14
What is the greatest common factor of 416 and 26?
26
What is the greatest common factor of 155 and 124?
31
Calculate the greatest common factor of 187 and 11.
11
What is the highest common divisor of 231 and 264?
33
Calculate the greatest common factor of 228 and 288.
12
Calculate the highest common factor of 9 and 72.
9
Calculate the highest common divisor of 9737 and 455.
91
Calculate the highest common divisor of 13 and 169.
13
What is the highest common factor of 250 and 1650?
50
Calculate the greatest common divisor of 67209 and 129.
129
What is the highest common factor of 109 and 3379?
109
What is the highest common divisor of 92 and 196?
4
Calculate the hi